{"id":1450,"date":"2022-05-24T15:37:32","date_gmt":"2022-05-24T13:37:32","guid":{"rendered":"http:\/\/acamusiquewb.be\/?page_id=1450"},"modified":"2025-09-16T16:32:17","modified_gmt":"2025-09-16T14:32:17","slug":"eloquence","status":"publish","type":"page","link":"https:\/\/acamusiquewb.be\/index.php\/eloquence\/","title":{"rendered":"\u00c9loquence"},"content":{"rendered":"\n<p class=\"has-medium-font-size\"><strong><em>COURS COLLECTIFS<\/em><\/strong><\/p>\n\n\n\n<p>Cours pour adultes (\u00e0 partir de 14 ans), accessible \u00e0 tous (com\u00e9diens, musiciens, danseurs, chanteurs)<strong> <\/strong><\/p>\n\n\n\n<p>Vous souhaitez ma\u00eetriser parfaitement l\u2019oralit\u00e9 de la langue fran\u00e7aise\u00a0(vous d\u00e9barrasser de votre accent\u00a0?) : ce cours est pour vous. Nous d\u00e9velopperons pendant deux fois 50 minutes\u00a0: les techniques de prises de parole dans divers contextes\u00a0: autour de la lecture \u00e0 vue, de l\u2019improvisation. A partir d\u2019\u00e9chauffements corporels et vocaux, de jeux de langage ludiques et vari\u00e9s, nous explorerons la langue fran\u00e7aise. <\/p>\n\n\n\n<p>Professeure :<\/p>\n\n\n\n<ul class=\"wp-block-list\">\n<li>Mme Sylvie MALADRY<\/li>\n<\/ul>\n\n\n\n<p><\/p>\n\n\n\n<p class=\"has-medium-font-size\"><strong><em>HORAIRES 2025-2026<\/em><\/strong><\/p>\n\n\n\n<ul class=\"wp-block-list\">\n<li>Lundi de 14h \u00e0 15h40<\/li>\n<\/ul>\n\n\n\n<p><\/p>\n\n\n\n<p class=\"has-medium-font-size\"><strong><em>CONDITIONS D&rsquo;ACC\u00c8S<\/em><\/strong><\/p>\n\n\n\n<ul class=\"wp-block-list\">\n<li>S&rsquo;\u00eatre acquitt\u00e9 du minerval et avoir fourni les documents utiles dans les d\u00e9lais prescrits<\/li>\n<\/ul>\n\n\n\n<p><\/p>\n","protected":false},"excerpt":{"rendered":"<p>COURS COLLECTIFS Cours pour adultes (\u00e0 partir de 14 ans), accessible \u00e0 tous (com\u00e9diens, musiciens, danseurs, chanteurs) Vous souhaitez ma\u00eetriser parfaitement l\u2019oralit\u00e9 de la langue fran\u00e7aise\u00a0(vous d\u00e9barrasser de votre accent\u00a0?) : ce cours est pour vous. Nous d\u00e9velopperons pendant deux fois 50 minutes\u00a0: les techniques de prises de parole dans divers contextes\u00a0: autour de la lecture \u00e0 vue, de l\u2019improvisation&#8230;.<\/p>\n","protected":false},"author":1,"featured_media":0,"parent":0,"menu_order":0,"comment_status":"closed","ping_status":"closed","template":"","meta":{"_acf_changed":false,"footnotes":""},"class_list":["post-1450","page","type-page","status-publish","hentry"],"acf":[],"_links":{"self":[{"href":"https:\/\/acamusiquewb.be\/index.php\/wp-json\/wp\/v2\/pages\/1450","targetHints":{"allow":["GET"]}}],"collection":[{"href":"https:\/\/acamusiquewb.be\/index.php\/wp-json\/wp\/v2\/pages"}],"about":[{"href":"https:\/\/acamusiquewb.be\/index.php\/wp-json\/wp\/v2\/types\/page"}],"author":[{"embeddable":true,"href":"https:\/\/acamusiquewb.be\/index.php\/wp-json\/wp\/v2\/users\/1"}],"replies":[{"embeddable":true,"href":"https:\/\/acamusiquewb.be\/index.php\/wp-json\/wp\/v2\/comments?post=1450"}],"version-history":[{"count":15,"href":"https:\/\/acamusiquewb.be\/index.php\/wp-json\/wp\/v2\/pages\/1450\/revisions"}],"predecessor-version":[{"id":3321,"href":"https:\/\/acamusiquewb.be\/index.php\/wp-json\/wp\/v2\/pages\/1450\/revisions\/3321"}],"wp:attachment":[{"href":"https:\/\/acamusiquewb.be\/index.php\/wp-json\/wp\/v2\/media?parent=1450"}],"curies":[{"name":"wp","href":"https:\/\/api.w.org\/{rel}","templated":true}]}}