{"id":421,"date":"2021-03-02T22:37:09","date_gmt":"2021-03-02T21:37:09","guid":{"rendered":"http:\/\/anwabox.cluster030.hosting.ovh.net\/?page_id=421"},"modified":"2025-09-22T14:57:55","modified_gmt":"2025-09-22T12:57:55","slug":"les-professeurs","status":"publish","type":"page","link":"https:\/\/acamusiquewb.be\/index.php\/les-professeurs\/","title":{"rendered":"Les professeur.es"},"content":{"rendered":"\n<h3 class=\"wp-block-heading\">Domaine de la musique<\/h3>\n\n\n\n<div class=\"wp-block-group\"><div class=\"wp-block-group__inner-container is-layout-constrained wp-block-group-is-layout-constrained\">\n<p><strong>ANDREEVA Anastasia<\/strong><br>Professeure de piano<\/p>\n<\/div><\/div>\n\n\n\n<p><strong>ARIAS Eunice<\/strong><br>Professeure de chant, musique de chambre vocale et chant d\u2019ensemble<\/p>\n\n\n\n<p><strong>AYARI Myriam<br><\/strong>Professeure de piano<\/p>\n\n\n\n<p><strong>BALDINI Sara<br><\/strong>Professeure de formation musicale<\/p>\n\n\n\n<p><strong>BARDET Laure<\/strong><br>Professeure de de violon et d&rsquo;orchestre sans partitions<\/p>\n\n\n\n<p><strong>BAZANTOVA Silvia<br><\/strong>Professeure de formation musicale<\/p>\n\n\n\n<p><strong>BIBBO Ogier<\/strong><br>Professeur de saxophone<\/p>\n\n\n\n<p><strong>BORGEL Marion<\/strong><br>Professeure de violon<\/p>\n\n\n\n<p><strong>BOSMANS Martin<\/strong><br>Professeur de guitare<\/p>\n\n\n\n<p><strong>COMTE Emmanuel<\/strong><br>Professeur d\u2019accord\u00e9on chromatique<\/p>\n\n\n\n<p><strong>DANNEELS H\u00e9lo\u00efse<\/strong><br>Professeure d&rsquo;alto et de violon<\/p>\n\n\n\n<p><strong>DARON Catherine<\/strong><br>Professeure de fl\u00fbte traversi\u00e8re et traverso<\/p>\n\n\n\n<p><strong>DEBACKER Rapha\u00ebl<\/strong><br>Professeur de piano jazz et basse jazz<\/p>\n\n\n\n<p><strong>DELFORGE S\u00e9verine<\/strong><br>Professeure de chant, musique de chambre vocale et chant d\u2019ensemble<\/p>\n\n\n\n<p><strong>DELHAYE Hugo<\/strong><br>Professeur de percussions et ensembles de percussions<\/p>\n\n\n\n<p><strong>DENIS Joaquim<\/strong><br>Professeur de trompette<\/p>\n\n\n\n<p><strong>DUPRIEZ Sarah<\/strong><br>Professeure de musique de chambre instrumentale<\/p>\n\n\n\n<p><strong>FRANCQ Cyril<\/strong><br>Professeur de trombone<\/p>\n\n\n\n<p><strong>GAQUERE Boris<\/strong><br>Professeur de guitare, ensemble de guitares et guitare d&rsquo;accompagnement<\/p>\n\n\n\n<p><strong>GILLEROT No\u00e9<\/strong><br>Professeure de formation musicale, d&rsquo;\u00e9criture\/analyse musicale<\/p>\n\n\n\n<p><strong>HUERTA GOMEZ Pilar<\/strong><br>Professeure de rythmes du monde et rythmique<\/p>\n\n\n\n<p><strong>IZUTSU Yuka<\/strong><br>Professeure de piano et charg\u00e9e de l\u2019accompagnement au piano<\/p>\n\n\n\n<p><strong>KOKUBU Momoyo<\/strong><br>Professeure d\u2019orgue<\/p>\n\n\n\n<p><strong>KOTA Gergely<\/strong><br>Professeur de musique de chambre instrumentale<\/p>\n\n\n\n<p><strong>LACROIX V\u00e9ronique<\/strong><br>Professeure de formation musicale et de clavecin<\/p>\n\n\n\n<p><strong>LOUCKX Sophie<\/strong><br>Professeure de formation musicale<\/p>\n\n\n\n<p><strong>MERSINLIGIL Merv\u00e9<\/strong><br>Professeure de piano<\/p>\n\n\n\n<p><strong>ORLOFF Claudine<\/strong><br>Professeure de piano<\/p>\n\n\n\n<p><strong>PARENT St\u00e9phane<\/strong><br>Professeur de violoncelle<\/p>\n\n\n\n<p><strong>PIERARD Edwin<\/strong><br>Professeur d&rsquo;histoire de la musique<\/p>\n\n\n\n<p><strong>PIRET Jehanne<\/strong><br>Professeure de harpe et ensemble de harpes<\/p>\n\n\n\n<p><strong>POLETTO Stefano<\/strong><br>Professeur de hautbois<\/p>\n\n\n\n<p><strong>POSTAL Christophe<\/strong><br>Professeur charg\u00e9 de l\u2019accompagnement au piano et de claviers-chanteurs<\/p>\n\n\n\n<p><strong>SANTKIN Alexandra<\/strong><br>Professeure de clarinette<\/p>\n\n\n\n<p><strong>SAVE Natacha<\/strong><br>Professeure de contrebasse<\/p>\n\n\n\n<p><strong>SEMAIL Lucien<\/strong><br>Professeur de piano<\/p>\n\n\n\n<p><strong>SIGURE Julien<\/strong><br>Professeur de guitare<\/p>\n\n\n\n<p><strong>SIMON Thimoth\u00e9e<\/strong><br>Professeur charg\u00e9e de l&rsquo;accompagnement piano<\/p>\n\n\n\n<p><strong>SPAMPINATO Flavio<br><\/strong>Professeur de chant jazz<\/p>\n\n\n\n<p><strong>SPIES Gwendoline<\/strong><br>Professeure de chant d\u2019ensemble<\/p>\n\n\n\n<p><strong>STOKART Daniel<\/strong><br>Professeur de bois jazz et ensemble jazz<\/p>\n\n\n\n<p><strong>VANDENBOSCH Ana\u00efs<\/strong><br>Professeure de rythmes et rythmique<\/p>\n\n\n\n<p><strong>VANDENBRANDEN Ad\u00e9lie<\/strong><br>Professeure de piano et charg\u00e9e de l&rsquo;accompagnement piano<\/p>\n\n\n\n<p><strong>WEEGER Emmanuelle<\/strong><br>Professeure de fl\u00fbte \u00e0 bec, ensemble de fl\u00fbtes \u00e0 bec et lecture \u00e0 vue-transposition<\/p>\n\n\n\n<p><strong>WINDAL Fran\u00e7oise<\/strong><br>Professeure de fl\u00fbte traversi\u00e8re et piccolo<\/p>\n\n\n\n<p><strong>YOSHIDA Sachiko<\/strong><br>Professeure de piano<\/p>\n\n\n\n<p><\/p>\n\n\n\n<p class=\"has-medium-font-size\"><strong>Domaine des Arts de la Parole<\/strong><\/p>\n\n\n\n<p><strong>CEUX Olivier<\/strong><br>Professeur de d\u00e9clamation, atelier d\u00e9clamation chanson fran\u00e7aise et formation pluridisciplinaire th\u00e9\u00e2tre<\/p>\n\n\n\n<p><strong>EVENO Elise<br><\/strong>Professeure de th\u00e9\u00e2tre et formation pluridisciplinaire th\u00e9\u00e2tre<\/p>\n\n\n\n<p><strong>MALADRY Sylvie<br><\/strong>Professeure de th\u00e9\u00e2tre, atelier th\u00e9\u00e2tre, \u00e9loquence et com\u00e9die musicale<\/p>\n\n\n\n<p><strong>MARRA Estelle<\/strong><br>Professeure de th\u00e9\u00e2tre<\/p>\n\n\n\n<p><\/p>\n\n\n\n<p class=\"has-medium-font-size\"><strong>Domaine de la Danse<\/strong><\/p>\n\n\n\n<p><strong>D\u2019ANDREA Fran\u00e7oise<\/strong><br>Professeure de danse classique<\/p>\n\n\n\n<p><strong>BOUQUIEAUX Pauline<\/strong><br>Professeure de danse contemporaine et danse jazz<\/p>\n","protected":false},"excerpt":{"rendered":"<p>Domaine de la musique ANDREEVA AnastasiaProfesseure de piano ARIAS EuniceProfesseure de chant, musique de chambre vocale et chant d\u2019ensemble AYARI MyriamProfesseure de piano BALDINI SaraProfesseure de formation musicale BARDET LaureProfesseure de de violon et d&rsquo;orchestre sans partitions BAZANTOVA SilviaProfesseure de formation musicale BIBBO OgierProfesseur de saxophone BORGEL MarionProfesseure de violon BOSMANS MartinProfesseur de guitare COMTE EmmanuelProfesseur d\u2019accord\u00e9on chromatique DANNEELS H\u00e9lo\u00efseProfesseure&#8230;<\/p>\n","protected":false},"author":1,"featured_media":0,"parent":0,"menu_order":0,"comment_status":"closed","ping_status":"closed","template":"","meta":{"_acf_changed":false,"footnotes":""},"class_list":["post-421","page","type-page","status-publish","hentry"],"acf":[],"_links":{"self":[{"href":"https:\/\/acamusiquewb.be\/index.php\/wp-json\/wp\/v2\/pages\/421","targetHints":{"allow":["GET"]}}],"collection":[{"href":"https:\/\/acamusiquewb.be\/index.php\/wp-json\/wp\/v2\/pages"}],"about":[{"href":"https:\/\/acamusiquewb.be\/index.php\/wp-json\/wp\/v2\/types\/page"}],"author":[{"embeddable":true,"href":"https:\/\/acamusiquewb.be\/index.php\/wp-json\/wp\/v2\/users\/1"}],"replies":[{"embeddable":true,"href":"https:\/\/acamusiquewb.be\/index.php\/wp-json\/wp\/v2\/comments?post=421"}],"version-history":[{"count":45,"href":"https:\/\/acamusiquewb.be\/index.php\/wp-json\/wp\/v2\/pages\/421\/revisions"}],"predecessor-version":[{"id":3360,"href":"https:\/\/acamusiquewb.be\/index.php\/wp-json\/wp\/v2\/pages\/421\/revisions\/3360"}],"wp:attachment":[{"href":"https:\/\/acamusiquewb.be\/index.php\/wp-json\/wp\/v2\/media?parent=421"}],"curies":[{"name":"wp","href":"https:\/\/api.w.org\/{rel}","templated":true}]}}

<h3 class="wp-block-heading">Domaine de la musique</h3>



<div class="wp-block-group"><div class="wp-block-group__inner-container is-layout-constrained wp-block-group-is-layout-constrained">
<p><strong>ANDREEVA Anastasia</strong><br>Professeure de piano</p>
</div></div>



<p><strong>ARIAS Eunice</strong><br>Professeure de chant, musique de chambre vocale et chant d’ensemble</p>



<p><strong>AYARI Myriam<br></strong>Professeure de piano</p>



<p><strong>BALDINI Sara<br></strong>Professeure de formation musicale</p>



<p><strong>BARDET Laure</strong><br>Professeure de de violon et d&rsquo;orchestre sans partitions</p>



<p><strong>BAZANTOVA Silvia<br></strong>Professeure de formation musicale</p>



<p><strong>BIBBO Ogier</strong><br>Professeur de saxophone</p>



<p><strong>BORGEL Marion</strong><br>Professeure de violon</p>



<p><strong>BOSMANS Martin</strong><br>Professeur de guitare</p>



<p><strong>COMTE Emmanuel</strong><br>Professeur d’accordéon chromatique</p>



<p><strong>DANNEELS Héloïse</strong><br>Professeure d&rsquo;alto et de violon</p>



<p><strong>DARON Catherine</strong><br>Professeure de flûte traversière et traverso</p>



<p><strong>DEBACKER Raphaël</strong><br>Professeur de piano jazz et basse jazz</p>



<p><strong>DELFORGE Séverine</strong><br>Professeure de chant, musique de chambre vocale et chant d’ensemble</p>



<p><strong>DELHAYE Hugo</strong><br>Professeur de percussions et ensembles de percussions</p>



<p><strong>DENIS Joaquim</strong><br>Professeur de trompette</p>



<p><strong>DUPRIEZ Sarah</strong><br>Professeure de musique de chambre instrumentale</p>



<p><strong>FRANCQ Cyril</strong><br>Professeur de trombone</p>



<p><strong>GAQUERE Boris</strong><br>Professeur de guitare, ensemble de guitares et guitare d&rsquo;accompagnement</p>



<p><strong>GILLEROT Noé</strong><br>Professeure de formation musicale, d&rsquo;écriture/analyse musicale</p>



<p><strong>HUERTA GOMEZ Pilar</strong><br>Professeure de rythmes du monde et rythmique</p>



<p><strong>IZUTSU Yuka</strong><br>Professeure de piano et chargée de l’accompagnement au piano</p>



<p><strong>KOKUBU Momoyo</strong><br>Professeure d’orgue</p>



<p><strong>KOTA Gergely</strong><br>Professeur de musique de chambre instrumentale</p>



<p><strong>LACROIX Véronique</strong><br>Professeure de formation musicale et de clavecin</p>



<p><strong>LOUCKX Sophie</strong><br>Professeure de formation musicale</p>



<p><strong>MERSINLIGIL Mervé</strong><br>Professeure de piano</p>



<p><strong>ORLOFF Claudine</strong><br>Professeure de piano</p>



<p><strong>PARENT Stéphane</strong><br>Professeur de violoncelle</p>



<p><strong>PIERARD Edwin</strong><br>Professeur d&rsquo;histoire de la musique</p>



<p><strong>PIRET Jehanne</strong><br>Professeure de harpe et ensemble de harpes</p>



<p><strong>POLETTO Stefano</strong><br>Professeur de hautbois</p>



<p><strong>POSTAL Christophe</strong><br>Professeur chargé de l’accompagnement au piano et de claviers-chanteurs</p>



<p><strong>SANTKIN Alexandra</strong><br>Professeure de clarinette</p>



<p><strong>SAVE Natacha</strong><br>Professeure de contrebasse</p>



<p><strong>SEMAIL Lucien</strong><br>Professeur de piano</p>



<p><strong>SIGURE Julien</strong><br>Professeur de guitare</p>



<p><strong>SIMON Thimothée</strong><br>Professeur chargée de l&rsquo;accompagnement piano</p>



<p><strong>SPAMPINATO Flavio<br></strong>Professeur de chant jazz</p>



<p><strong>SPIES Gwendoline</strong><br>Professeure de chant d’ensemble</p>



<p><strong>STOKART Daniel</strong><br>Professeur de bois jazz et ensemble jazz</p>



<p><strong>VANDENBOSCH Anaïs</strong><br>Professeure de rythmes et rythmique</p>



<p><strong>VANDENBRANDEN Adélie</strong><br>Professeure de piano et chargée de l&rsquo;accompagnement piano</p>



<p><strong>WEEGER Emmanuelle</strong><br>Professeure de flûte à bec, ensemble de flûtes à bec et lecture à vue-transposition</p>



<p><strong>WINDAL Françoise</strong><br>Professeure de flûte traversière et piccolo</p>



<p><strong>YOSHIDA Sachiko</strong><br>Professeure de piano</p>



<p></p>



<p class="has-medium-font-size"><strong>Domaine des Arts de la Parole</strong></p>



<p><strong>CEUX Olivier</strong><br>Professeur de déclamation, atelier déclamation chanson française et formation pluridisciplinaire théâtre</p>



<p><strong>EVENO Elise<br></strong>Professeure de théâtre et formation pluridisciplinaire théâtre</p>



<p><strong>MALADRY Sylvie<br></strong>Professeure de théâtre, atelier théâtre, éloquence et comédie musicale</p>



<p><strong>MARRA Estelle</strong><br>Professeure de théâtre</p>



<p></p>



<p class="has-medium-font-size"><strong>Domaine de la Danse</strong></p>



<p><strong>D’ANDREA Françoise</strong><br>Professeure de danse classique</p>



<p><strong>BOUQUIEAUX Pauline</strong><br>Professeure de danse contemporaine et danse jazz</p>

<p>Domaine de la musique ANDREEVA AnastasiaProfesseure de piano ARIAS EuniceProfesseure de chant, musique de chambre vocale et chant d’ensemble AYARI MyriamProfesseure de piano BALDINI SaraProfesseure de formation musicale BARDET LaureProfesseure de de violon et d&rsquo;orchestre sans partitions BAZANTOVA SilviaProfesseure de formation musicale BIBBO OgierProfesseur de saxophone BORGEL MarionProfesseure de violon BOSMANS MartinProfesseur de guitare COMTE EmmanuelProfesseur d’accordéon chromatique DANNEELS HéloïseProfesseure&#8230;</p>
