{"id":532,"date":"2021-03-16T21:19:18","date_gmt":"2021-03-16T20:19:18","guid":{"rendered":"http:\/\/anwabox.cluster030.hosting.ovh.net\/?page_id=532"},"modified":"2025-09-16T15:30:21","modified_gmt":"2025-09-16T13:30:21","slug":"rythmique","status":"publish","type":"page","link":"https:\/\/acamusiquewb.be\/index.php\/rythmique\/","title":{"rendered":"Rythmique"},"content":{"rendered":"\n<p class=\"has-medium-font-size\"><strong><em>COURS COLLECTIFS<\/em><\/strong><\/p>\n\n\n\n<p>Vous souhaitez vous am\u00e9liorer en lecture \u00e0 vue et d\u00e9couvrir tous les secrets de la transposition? Venez nous rejoindre ! Au programme : des partitions diff\u00e9rentes que l\u2019on d\u00e9chiffre chaque mercredi et<br>que l\u2019on s\u2019amuse \u00e0 jouer dans toutes les tonalit\u00e9s.<\/p>\n\n\n\n<p>Professeures : <\/p>\n\n\n\n<ul class=\"wp-block-list\">\n<li>Mme Ana\u00efs VANDENBOSCH (mercredi)<\/li>\n\n\n\n<li>Mme Pilar HUERTA GOMEZ (lundi)<\/li>\n<\/ul>\n\n\n\n<p><\/p>\n\n\n\n<p class=\"has-medium-font-size\"><strong><em>HORAIRES 2025-2026<\/em><\/strong><\/p>\n\n\n\n<ul class=\"wp-block-list has-normal-font-size\">\n<li><strong><strong>5 ans (n\u00e9s en 2020) <\/strong><\/strong>\n<ul class=\"wp-block-list\">\n<li>Lundi 15h50 \u2013 17h30  <\/li>\n\n\n\n<li>Mercredi 13h10 \u2013 14h50<\/li>\n<\/ul>\n<\/li>\n<\/ul>\n\n\n\n<p class=\"has-vivid-red-color has-text-color has-link-color has-medium-font-size wp-elements-cd68b541f7fd0915b0c8ec6c1f46b73e\"><strong>GROUPES DES 5 ANS COMPLET ! <\/strong><\/p>\n\n\n\n<ul class=\"wp-block-list has-normal-font-size\">\n<li><strong>6 ans (n\u00e9s en 2019)<\/strong>\n<ul class=\"wp-block-list\">\n<li> Mercredi 14h50 \u2013 16h30<\/li>\n<\/ul>\n<\/li>\n<\/ul>\n\n\n\n<ul class=\"wp-block-list has-normal-font-size\">\n<li><strong>6 \u00e0 8 ans (n\u00e9s de 2017 \u00e0 2019) <\/strong>\n<ul class=\"wp-block-list\">\n<li>Mercredi 16h30 \u2013 18h10 <\/li>\n<\/ul>\n<\/li>\n<\/ul>\n\n\n\n<p><\/p>\n\n\n\n<p class=\"has-medium-font-size\"><strong><em>ORGANISATION<\/em><\/strong><\/p>\n\n\n\n<ul class=\"wp-block-list\">\n<li>Une \u00e0 deux ann\u00e9es de cours<\/li>\n<\/ul>\n\n\n\n<p><\/p>\n\n\n\n<p class=\"has-medium-font-size\"><strong><em>CONDITIONS D&rsquo;ACC\u00c8S<\/em><\/strong><\/p>\n\n\n\n<ul class=\"wp-block-list\">\n<li>A partir de 5 ans (n\u00e9s en 2020)<\/li>\n<\/ul>\n\n\n\n<p><\/p>\n","protected":false},"excerpt":{"rendered":"<p>COURS COLLECTIFS Vous souhaitez vous am\u00e9liorer en lecture \u00e0 vue et d\u00e9couvrir tous les secrets de la transposition? Venez nous rejoindre ! Au programme : des partitions diff\u00e9rentes que l\u2019on d\u00e9chiffre chaque mercredi etque l\u2019on s\u2019amuse \u00e0 jouer dans toutes les tonalit\u00e9s. Professeures : HORAIRES 2025-2026 GROUPES DES 5 ANS COMPLET ! ORGANISATION CONDITIONS D&rsquo;ACC\u00c8S<\/p>\n","protected":false},"author":1,"featured_media":0,"parent":0,"menu_order":0,"comment_status":"closed","ping_status":"closed","template":"","meta":{"_acf_changed":false,"footnotes":""},"class_list":["post-532","page","type-page","status-publish","hentry"],"acf":[],"_links":{"self":[{"href":"https:\/\/acamusiquewb.be\/index.php\/wp-json\/wp\/v2\/pages\/532","targetHints":{"allow":["GET"]}}],"collection":[{"href":"https:\/\/acamusiquewb.be\/index.php\/wp-json\/wp\/v2\/pages"}],"about":[{"href":"https:\/\/acamusiquewb.be\/index.php\/wp-json\/wp\/v2\/types\/page"}],"author":[{"embeddable":true,"href":"https:\/\/acamusiquewb.be\/index.php\/wp-json\/wp\/v2\/users\/1"}],"replies":[{"embeddable":true,"href":"https:\/\/acamusiquewb.be\/index.php\/wp-json\/wp\/v2\/comments?post=532"}],"version-history":[{"count":40,"href":"https:\/\/acamusiquewb.be\/index.php\/wp-json\/wp\/v2\/pages\/532\/revisions"}],"predecessor-version":[{"id":3315,"href":"https:\/\/acamusiquewb.be\/index.php\/wp-json\/wp\/v2\/pages\/532\/revisions\/3315"}],"wp:attachment":[{"href":"https:\/\/acamusiquewb.be\/index.php\/wp-json\/wp\/v2\/media?parent=532"}],"curies":[{"name":"wp","href":"https:\/\/api.w.org\/{rel}","templated":true}]}}