{"id":540,"date":"2021-03-17T23:13:53","date_gmt":"2021-03-17T22:13:53","guid":{"rendered":"http:\/\/anwabox.cluster030.hosting.ovh.net\/?page_id=540"},"modified":"2025-09-15T14:20:52","modified_gmt":"2025-09-15T12:20:52","slug":"contrebasse","status":"publish","type":"page","link":"https:\/\/acamusiquewb.be\/index.php\/contrebasse\/","title":{"rendered":"Contrebasse"},"content":{"rendered":"\n<p class=\"has-medium-font-size\"><strong><em>COURS INDIVIDUELS et semi collectifs<\/em><\/strong><\/p>\n\n\n\n<p class=\"has-black-color has-text-color has-link-color wp-elements-f77f0fab289647c717179639103a3ede\">Professeure :<\/p>\n\n\n\n<ul class=\"wp-block-list\">\n<li class=\"has-black-color has-text-color has-link-color wp-elements-876c7c29c017e8946ac9de9826deee08\">Mme Natacha Save<\/li>\n<\/ul>\n\n\n\n<p><\/p>\n\n\n\n<p class=\"has-medium-font-size\"><strong><em>HORAIRE 2025-2026<\/em><\/strong><\/p>\n\n\n\n<ul class=\"wp-block-list\">\n<li class=\"has-black-color has-text-color has-link-color wp-elements-fb93308309ee352ee2ea4ef696257c28\">Vendredi entre 19h20 et 21h<\/li>\n<\/ul>\n\n\n\n<p><\/p>\n\n\n\n<p class=\"has-medium-font-size\"><strong><em>ORGANISATION<\/em><\/strong><\/p>\n\n\n\n<ul class=\"wp-block-list has-black-color has-text-color has-link-color wp-elements-ace206dd6c877bfc036a5ffc1ba806a5\">\n<li>Enfants \u00e0 partir de 7 ans\n<ul class=\"wp-block-list\">\n<li><span style=\"color: initial;\">Fili\u00e8re de formation : 5 ann\u00e9es \u00e0 raison d&rsquo;une p\u00e9riode de 50 minutes hebdomadaire<\/span><\/li>\n\n\n\n<li>Fili\u00e8re de qualification : 5 ann\u00e9es&nbsp;\u00e0 raison d&rsquo;une p\u00e9riode de 50 minutes hebdomadaire<\/li>\n<\/ul>\n<\/li>\n<\/ul>\n\n\n\n<ul class=\"wp-block-list has-black-color has-text-color has-link-color wp-elements-051f7c21e271135a9108f5a2691046cb\">\n<li>Adultes \u00e0 partir de 13 ans\n<ul class=\"wp-block-list\">\n<li><span style=\"color: initial;\">Fili\u00e8re de formation : 4 ann\u00e9es&nbsp;\u00e0 raison d&rsquo;une p\u00e9riode de 50 minutes hebdomadaire<\/span><\/li>\n\n\n\n<li>Fili\u00e8re de qualification : 4 ann\u00e9es&nbsp;\u00e0 raison d&rsquo;une p\u00e9riode de 50 minutes hebdomadaire<\/li>\n<\/ul>\n<\/li>\n<\/ul>\n\n\n\n<p><\/p>\n\n\n\n<p class=\"has-medium-font-size\"><strong><em>CONDITIONS D&rsquo;ACC\u00c8S<\/em><\/strong><\/p>\n\n\n\n<ul class=\"wp-block-list\">\n<li>Enfants \u00e0 partir de 7 ans et adultes \u00e0 partir de 13 ans<\/li>\n\n\n\n<li>S&rsquo;\u00eatre acquitt\u00e9 du minerval et avoir fourni les documents utiles dans les d\u00e9lais prescrits.<\/li>\n\n\n\n<li>Suivre le cours de formation musicale.&nbsp;<\/li>\n\n\n\n<li>S&rsquo;\u00eatre inscrit sur les listes d&rsquo;attente.<\/li>\n\n\n\n<li>Suivre une deuxi\u00e8me p\u00e9riode si l&rsquo;\u00e9l\u00e8ve a termin\u00e9 tout son cursus de formation musicale.\n<ul class=\"wp-block-list\">\n<li>Cette deuxi\u00e8me p\u00e9riode peut \u00eatre suivie \u00e0 l&rsquo;acad\u00e9mie (voir cours compl\u00e9mentaires) ou dans une autre acad\u00e9mie (moyennant une attestation de fr\u00e9quentation de celle-ci)<\/li>\n\n\n\n<li>Si l&rsquo;\u00e9l\u00e8ve est en fili\u00e8re de formation, il peut effectuer sa deuxi\u00e8me p\u00e9riode dans le domaine des arts de la parole<\/li>\n\n\n\n<li>Si l&rsquo;\u00e9l\u00e8ve est en fili\u00e8re de qualification, il doit obligatoirement suivre sa deuxi\u00e8me p\u00e9riode dans le domaine de la musique.<\/li>\n<\/ul>\n<\/li>\n<\/ul>\n","protected":false},"excerpt":{"rendered":"<p>COURS INDIVIDUELS et semi collectifs Professeure : HORAIRE 2025-2026 ORGANISATION CONDITIONS D&rsquo;ACC\u00c8S<\/p>\n","protected":false},"author":1,"featured_media":0,"parent":0,"menu_order":0,"comment_status":"closed","ping_status":"closed","template":"","meta":{"_acf_changed":false,"footnotes":""},"class_list":["post-540","page","type-page","status-publish","hentry"],"acf":[],"_links":{"self":[{"href":"https:\/\/acamusiquewb.be\/index.php\/wp-json\/wp\/v2\/pages\/540","targetHints":{"allow":["GET"]}}],"collection":[{"href":"https:\/\/acamusiquewb.be\/index.php\/wp-json\/wp\/v2\/pages"}],"about":[{"href":"https:\/\/acamusiquewb.be\/index.php\/wp-json\/wp\/v2\/types\/page"}],"author":[{"embeddable":true,"href":"https:\/\/acamusiquewb.be\/index.php\/wp-json\/wp\/v2\/users\/1"}],"replies":[{"embeddable":true,"href":"https:\/\/acamusiquewb.be\/index.php\/wp-json\/wp\/v2\/comments?post=540"}],"version-history":[{"count":12,"href":"https:\/\/acamusiquewb.be\/index.php\/wp-json\/wp\/v2\/pages\/540\/revisions"}],"predecessor-version":[{"id":3255,"href":"https:\/\/acamusiquewb.be\/index.php\/wp-json\/wp\/v2\/pages\/540\/revisions\/3255"}],"wp:attachment":[{"href":"https:\/\/acamusiquewb.be\/index.php\/wp-json\/wp\/v2\/media?parent=540"}],"curies":[{"name":"wp","href":"https:\/\/api.w.org\/{rel}","templated":true}]}}

<p class="has-medium-font-size"><strong><em>COURS INDIVIDUELS et semi collectifs</em></strong></p>



<p class="has-black-color has-text-color has-link-color wp-elements-f77f0fab289647c717179639103a3ede">Professeure :</p>



<ul class="wp-block-list">
<li class="has-black-color has-text-color has-link-color wp-elements-876c7c29c017e8946ac9de9826deee08">Mme Natacha Save</li>
</ul>



<p></p>



<p class="has-medium-font-size"><strong><em>HORAIRE 2025-2026</em></strong></p>



<ul class="wp-block-list">
<li class="has-black-color has-text-color has-link-color wp-elements-fb93308309ee352ee2ea4ef696257c28">Vendredi entre 19h20 et 21h</li>
</ul>



<p></p>



<p class="has-medium-font-size"><strong><em>ORGANISATION</em></strong></p>



<ul class="wp-block-list has-black-color has-text-color has-link-color wp-elements-ace206dd6c877bfc036a5ffc1ba806a5">
<li>Enfants à partir de 7 ans
<ul class="wp-block-list">
<li><span style="color: initial;">Filière de formation : 5 années à raison d&rsquo;une période de 50 minutes hebdomadaire</span></li>



<li>Filière de qualification : 5 années&nbsp;à raison d&rsquo;une période de 50 minutes hebdomadaire</li>
</ul>
</li>
</ul>



<ul class="wp-block-list has-black-color has-text-color has-link-color wp-elements-051f7c21e271135a9108f5a2691046cb">
<li>Adultes à partir de 13 ans
<ul class="wp-block-list">
<li><span style="color: initial;">Filière de formation : 4 années&nbsp;à raison d&rsquo;une période de 50 minutes hebdomadaire</span></li>



<li>Filière de qualification : 4 années&nbsp;à raison d&rsquo;une période de 50 minutes hebdomadaire</li>
</ul>
</li>
</ul>



<p></p>



<p class="has-medium-font-size"><strong><em>CONDITIONS D&rsquo;ACCÈS</em></strong></p>



<ul class="wp-block-list">
<li>Enfants à partir de 7 ans et adultes à partir de 13 ans</li>



<li>S&rsquo;être acquitté du minerval et avoir fourni les documents utiles dans les délais prescrits.</li>



<li>Suivre le cours de formation musicale.&nbsp;</li>



<li>S&rsquo;être inscrit sur les listes d&rsquo;attente.</li>



<li>Suivre une deuxième période si l&rsquo;élève a terminé tout son cursus de formation musicale.
<ul class="wp-block-list">
<li>Cette deuxième période peut être suivie à l&rsquo;académie (voir cours complémentaires) ou dans une autre académie (moyennant une attestation de fréquentation de celle-ci)</li>



<li>Si l&rsquo;élève est en filière de formation, il peut effectuer sa deuxième période dans le domaine des arts de la parole</li>



<li>Si l&rsquo;élève est en filière de qualification, il doit obligatoirement suivre sa deuxième période dans le domaine de la musique.</li>
</ul>
</li>
</ul>

<p>COURS INDIVIDUELS et semi collectifs Professeure : HORAIRE 2025-2026 ORGANISATION CONDITIONS D&rsquo;ACCÈS</p>
