{"id":543,"date":"2021-03-16T21:42:50","date_gmt":"2021-03-16T20:42:50","guid":{"rendered":"http:\/\/anwabox.cluster030.hosting.ovh.net\/?page_id=543"},"modified":"2025-09-22T14:57:00","modified_gmt":"2025-09-22T12:57:00","slug":"formation-musicale-2","status":"publish","type":"page","link":"https:\/\/acamusiquewb.be\/index.php\/formation-musicale-2\/","title":{"rendered":"Formation musicale"},"content":{"rendered":"\n<p class=\"has-medium-font-size\"><strong><em>COURS COLLECTIFS<\/em><\/strong><\/p>\n\n\n\n<p class=\"has-medium-font-size\"><strong>Pour les \u00e9l\u00e8ves \u00c0 PARTIR DE 7 ANS (n\u00e9s en 2018) <\/strong><\/p>\n\n\n\n<p>Professeur.e.s :<\/p>\n\n\n\n<ul class=\"wp-block-list\">\n<li>Mme Sophie Louckx<\/li>\n\n\n\n<li>Mme V\u00e9ronique Lacroix<\/li>\n\n\n\n<li>Mme Silvia Bazantova<\/li>\n\n\n\n<li>M. No\u00e9 Gillerot<\/li>\n\n\n\n<li>Mme Sara Baldini<\/li>\n<\/ul>\n\n\n\n<p><\/p>\n\n\n\n<p class=\"has-medium-font-size\"><strong><em>HORAIRE ENFANTS 2025-2026<\/em><\/strong><\/p>\n\n\n\n<p><strong><em>1\u00e8re ann\u00e9e (Formation 1)<\/em><\/strong><\/p>\n\n\n\n<ul class=\"wp-block-list\">\n<li>Lundi 16h00-16h50 et mercredi 13h10-14h00&nbsp;<\/li>\n<\/ul>\n\n\n\n<p class=\"has-text-align-left\">                          Ou<\/p>\n\n\n\n<ul class=\"wp-block-list\">\n<li>Mardi et jeudi 16h00-16h50<\/li>\n<\/ul>\n\n\n\n<p>                          Ou<\/p>\n\n\n\n<ul class=\"wp-block-list\">\n<li>Mardi et vendredi 16h00-16h50<\/li>\n<\/ul>\n\n\n\n<p>                          Ou<\/p>\n\n\n\n<ul class=\"wp-block-list\">\n<li>Mercredi 13h30 \u2013 15h10 (section ados 10-12 ans)<\/li>\n<\/ul>\n\n\n\n<p><\/p>\n\n\n\n<p><strong><em>2\u00e8me ann\u00e9e (Formation 2)<\/em><\/strong><\/p>\n\n\n\n<ul class=\"wp-block-list\">\n<li>Lundi et jeudi 16h10-17h00<\/li>\n<\/ul>\n\n\n\n<p>                         Ou<\/p>\n\n\n\n<ul class=\"wp-block-list\">\n<li>Lundi 16h50-17h40 et mercredi 14h00-14h50<\/li>\n<\/ul>\n\n\n\n<p>                         Ou<\/p>\n\n\n\n<ul class=\"wp-block-list\">\n<li>Mardi et vendredi 16h50-17h40<\/li>\n<\/ul>\n\n\n\n<p>                         Ou<\/p>\n\n\n\n<ul class=\"wp-block-list\">\n<li>Mercredi 15h10-16h50 (section ados, uniquement pour les \u00e9l\u00e8ves ayant suivi le cycle ados en F1)<\/li>\n<\/ul>\n\n\n\n<p><\/p>\n\n\n\n<p><strong><em>3\u00e8me ann\u00e9e (Formation 3)<\/em><\/strong><\/p>\n\n\n\n<ul class=\"wp-block-list\">\n<li>Lundi 17h40-18h30 et mercredi 14h50-15h40<\/li>\n<\/ul>\n\n\n\n<p>                         Ou<\/p>\n\n\n\n<ul class=\"wp-block-list\">\n<li>Mardi 17h40-19h20<\/li>\n<\/ul>\n\n\n\n<p>                         Ou<\/p>\n\n\n\n<ul class=\"wp-block-list\">\n<li>Mercredi 16h50-18h30 (section ados, uniquement pour les \u00e9l\u00e8ves ayant suivi le cycle ados en F1 et F2)<\/li>\n<\/ul>\n\n\n\n<p><\/p>\n\n\n\n<p><strong><em>4\u00e8me ann\u00e9e (Formation 4)<\/em><\/strong><\/p>\n\n\n\n<ul class=\"wp-block-list\">\n<li>Lundi 18h30-19h20 et mercredi 15h40-16h30<\/li>\n<\/ul>\n\n\n\n<p>                         Ou<\/p>\n\n\n\n<ul class=\"wp-block-list\">\n<li>Mardi 16h50-18h30<\/li>\n<\/ul>\n\n\n\n<p>                         Ou<\/p>\n\n\n\n<ul class=\"wp-block-list\">\n<li>Vendredi 17h40-19h20<\/li>\n<\/ul>\n\n\n\n<p><\/p>\n\n\n\n<p><strong><em>5\u00e8me ann\u00e9e (Formation 5)<\/em><\/strong><\/p>\n\n\n\n<ul class=\"wp-block-list\">\n<li>Lundi 19h20-20h10 et mercredi 16h30-17h20<\/li>\n<\/ul>\n\n\n\n<p>                         Ou<\/p>\n\n\n\n<ul class=\"wp-block-list\">\n<li>Jeudi 16h50-18h30<\/li>\n<\/ul>\n\n\n\n<p><\/p>\n\n\n\n<p class=\"has-medium-font-size\"><strong><em>HORAIRE ADULTES 2025-2026 (\u00e0 partir de 13 ans)<\/em><\/strong><\/p>\n\n\n\n<p><strong><em>1\u00e8re ann\u00e9e (Formation adultes 1)<\/em><\/strong><\/p>\n\n\n\n<ul class=\"wp-block-list\">\n<li>Mardi 17h40-19h20 <\/li>\n<\/ul>\n\n\n\n<p>Ou<\/p>\n\n\n\n<ul class=\"wp-block-list\">\n<li> Samedi 10h40-12h20<\/li>\n<\/ul>\n\n\n\n<p><\/p>\n\n\n\n<p><strong><em>2\u00e8me ann\u00e9e (Formation adultes 2)<\/em><\/strong><\/p>\n\n\n\n<ul class=\"wp-block-list\">\n<li>Mardi 19h20-21h00<\/li>\n<\/ul>\n\n\n\n<p>                         Ou<\/p>\n\n\n\n<ul class=\"wp-block-list\">\n<li>Samedi&nbsp;12h20-14h00<\/li>\n<\/ul>\n\n\n\n<p><\/p>\n\n\n\n<p><strong><em>3\u00e8me ann\u00e9e (Formation adultes 3)<\/em><\/strong><\/p>\n\n\n\n<ul class=\"wp-block-list\">\n<li>Mardi 19h20-21h00<\/li>\n<\/ul>\n\n\n\n<p><\/p>\n\n\n\n<p><em><strong>4\u00e8me ann\u00e9e (Qualification adultes 1)<\/strong><\/em><\/p>\n\n\n\n<ul class=\"wp-block-list\">\n<li>Vendredi 19h20-21h00<\/li>\n<\/ul>\n\n\n\n<p>                        Ou<\/p>\n\n\n\n<ul class=\"wp-block-list\">\n<li>Samedi 9h00-10h40<\/li>\n<\/ul>\n\n\n\n<p><\/p>\n\n\n\n<p class=\"has-medium-font-size\"><strong><em>ORGANISATION<\/em><\/strong><\/p>\n\n\n\n<ul class=\"wp-block-list\">\n<li>Enfants :\n<ul class=\"wp-block-list\">\n<li>Fili\u00e8re de formation : 5 ann\u00e9es<\/li>\n<\/ul>\n<\/li>\n\n\n\n<li>Adultes\n<ul class=\"wp-block-list\">\n<li>Fili\u00e8re de formation : 3 ann\u00e9es, Fili\u00e8re certificative obligatoire<\/li>\n\n\n\n<li>Fili\u00e8re de qualification : 1 ann\u00e9e (facultative)<\/li>\n<\/ul>\n<\/li>\n<\/ul>\n\n\n\n<p><\/p>\n\n\n\n<p class=\"has-medium-font-size\"><strong><em>CONDITIONS D&rsquo;ACC\u00c8S<\/em><\/strong><\/p>\n\n\n\n<ul class=\"wp-block-list\">\n<li>La fr\u00e9quentation des deux p\u00e9riodes (2x50min ou 1h40) est obligatoire.<\/li>\n<\/ul>\n\n\n\n<p><\/p>\n","protected":false},"excerpt":{"rendered":"<p>COURS COLLECTIFS Pour les \u00e9l\u00e8ves \u00c0 PARTIR DE 7 ANS (n\u00e9s en 2018) Professeur.e.s : HORAIRE ENFANTS 2025-2026 1\u00e8re ann\u00e9e (Formation 1) Ou Ou Ou 2\u00e8me ann\u00e9e (Formation 2) Ou Ou Ou 3\u00e8me ann\u00e9e (Formation 3) Ou Ou 4\u00e8me ann\u00e9e (Formation 4) Ou Ou 5\u00e8me ann\u00e9e (Formation 5) Ou HORAIRE ADULTES 2025-2026 (\u00e0 partir de 13 ans) 1\u00e8re ann\u00e9e (Formation&#8230;<\/p>\n","protected":false},"author":1,"featured_media":0,"parent":0,"menu_order":0,"comment_status":"closed","ping_status":"closed","template":"","meta":{"_acf_changed":false,"footnotes":""},"class_list":["post-543","page","type-page","status-publish","hentry"],"acf":[],"_links":{"self":[{"href":"https:\/\/acamusiquewb.be\/index.php\/wp-json\/wp\/v2\/pages\/543","targetHints":{"allow":["GET"]}}],"collection":[{"href":"https:\/\/acamusiquewb.be\/index.php\/wp-json\/wp\/v2\/pages"}],"about":[{"href":"https:\/\/acamusiquewb.be\/index.php\/wp-json\/wp\/v2\/types\/page"}],"author":[{"embeddable":true,"href":"https:\/\/acamusiquewb.be\/index.php\/wp-json\/wp\/v2\/users\/1"}],"replies":[{"embeddable":true,"href":"https:\/\/acamusiquewb.be\/index.php\/wp-json\/wp\/v2\/comments?post=543"}],"version-history":[{"count":64,"href":"https:\/\/acamusiquewb.be\/index.php\/wp-json\/wp\/v2\/pages\/543\/revisions"}],"predecessor-version":[{"id":3358,"href":"https:\/\/acamusiquewb.be\/index.php\/wp-json\/wp\/v2\/pages\/543\/revisions\/3358"}],"wp:attachment":[{"href":"https:\/\/acamusiquewb.be\/index.php\/wp-json\/wp\/v2\/media?parent=543"}],"curies":[{"name":"wp","href":"https:\/\/api.w.org\/{rel}","templated":true}]}}

<p class="has-medium-font-size"><strong><em>COURS COLLECTIFS</em></strong></p>



<p class="has-medium-font-size"><strong>Pour les élèves À PARTIR DE 7 ANS (nés en 2018) </strong></p>



<p>Professeur.e.s :</p>



<ul class="wp-block-list">
<li>Mme Sophie Louckx</li>



<li>Mme Véronique Lacroix</li>



<li>Mme Silvia Bazantova</li>



<li>M. Noé Gillerot</li>



<li>Mme Sara Baldini</li>
</ul>



<p></p>



<p class="has-medium-font-size"><strong><em>HORAIRE ENFANTS 2025-2026</em></strong></p>



<p><strong><em>1ère année (Formation 1)</em></strong></p>



<ul class="wp-block-list">
<li>Lundi 16h00-16h50 et mercredi 13h10-14h00&nbsp;</li>
</ul>



<p class="has-text-align-left">                          Ou</p>



<ul class="wp-block-list">
<li>Mardi et jeudi 16h00-16h50</li>
</ul>



<p>                          Ou</p>



<ul class="wp-block-list">
<li>Mardi et vendredi 16h00-16h50</li>
</ul>



<p>                          Ou</p>



<ul class="wp-block-list">
<li>Mercredi 13h30 – 15h10 (section ados 10-12 ans)</li>
</ul>



<p></p>



<p><strong><em>2ème année (Formation 2)</em></strong></p>



<ul class="wp-block-list">
<li>Lundi et jeudi 16h10-17h00</li>
</ul>



<p>                         Ou</p>



<ul class="wp-block-list">
<li>Lundi 16h50-17h40 et mercredi 14h00-14h50</li>
</ul>



<p>                         Ou</p>



<ul class="wp-block-list">
<li>Mardi et vendredi 16h50-17h40</li>
</ul>



<p>                         Ou</p>



<ul class="wp-block-list">
<li>Mercredi 15h10-16h50 (section ados, uniquement pour les élèves ayant suivi le cycle ados en F1)</li>
</ul>



<p></p>



<p><strong><em>3ème année (Formation 3)</em></strong></p>



<ul class="wp-block-list">
<li>Lundi 17h40-18h30 et mercredi 14h50-15h40</li>
</ul>



<p>                         Ou</p>



<ul class="wp-block-list">
<li>Mardi 17h40-19h20</li>
</ul>



<p>                         Ou</p>



<ul class="wp-block-list">
<li>Mercredi 16h50-18h30 (section ados, uniquement pour les élèves ayant suivi le cycle ados en F1 et F2)</li>
</ul>



<p></p>



<p><strong><em>4ème année (Formation 4)</em></strong></p>



<ul class="wp-block-list">
<li>Lundi 18h30-19h20 et mercredi 15h40-16h30</li>
</ul>



<p>                         Ou</p>



<ul class="wp-block-list">
<li>Mardi 16h50-18h30</li>
</ul>



<p>                         Ou</p>



<ul class="wp-block-list">
<li>Vendredi 17h40-19h20</li>
</ul>



<p></p>



<p><strong><em>5ème année (Formation 5)</em></strong></p>



<ul class="wp-block-list">
<li>Lundi 19h20-20h10 et mercredi 16h30-17h20</li>
</ul>



<p>                         Ou</p>



<ul class="wp-block-list">
<li>Jeudi 16h50-18h30</li>
</ul>



<p></p>



<p class="has-medium-font-size"><strong><em>HORAIRE ADULTES 2025-2026 (à partir de 13 ans)</em></strong></p>



<p><strong><em>1ère année (Formation adultes 1)</em></strong></p>



<ul class="wp-block-list">
<li>Mardi 17h40-19h20 </li>
</ul>



<p>Ou</p>



<ul class="wp-block-list">
<li> Samedi 10h40-12h20</li>
</ul>



<p></p>



<p><strong><em>2ème année (Formation adultes 2)</em></strong></p>



<ul class="wp-block-list">
<li>Mardi 19h20-21h00</li>
</ul>



<p>                         Ou</p>



<ul class="wp-block-list">
<li>Samedi&nbsp;12h20-14h00</li>
</ul>



<p></p>



<p><strong><em>3ème année (Formation adultes 3)</em></strong></p>



<ul class="wp-block-list">
<li>Mardi 19h20-21h00</li>
</ul>



<p></p>



<p><em><strong>4ème année (Qualification adultes 1)</strong></em></p>



<ul class="wp-block-list">
<li>Vendredi 19h20-21h00</li>
</ul>



<p>                        Ou</p>



<ul class="wp-block-list">
<li>Samedi 9h00-10h40</li>
</ul>



<p></p>



<p class="has-medium-font-size"><strong><em>ORGANISATION</em></strong></p>



<ul class="wp-block-list">
<li>Enfants :
<ul class="wp-block-list">
<li>Filière de formation : 5 années</li>
</ul>
</li>



<li>Adultes
<ul class="wp-block-list">
<li>Filière de formation : 3 années, Filière certificative obligatoire</li>



<li>Filière de qualification : 1 année (facultative)</li>
</ul>
</li>
</ul>



<p></p>



<p class="has-medium-font-size"><strong><em>CONDITIONS D&rsquo;ACCÈS</em></strong></p>



<ul class="wp-block-list">
<li>La fréquentation des deux périodes (2x50min ou 1h40) est obligatoire.</li>
</ul>



<p></p>

<p>COURS COLLECTIFS Pour les élèves À PARTIR DE 7 ANS (nés en 2018) Professeur.e.s : HORAIRE ENFANTS 2025-2026 1ère année (Formation 1) Ou Ou Ou 2ème année (Formation 2) Ou Ou Ou 3ème année (Formation 3) Ou Ou 4ème année (Formation 4) Ou Ou 5ème année (Formation 5) Ou HORAIRE ADULTES 2025-2026 (à partir de 13 ans) 1ère année (Formation&#8230;</p>
