{"id":610,"date":"2021-03-17T23:45:00","date_gmt":"2021-03-17T22:45:00","guid":{"rendered":"http:\/\/anwabox.cluster030.hosting.ovh.net\/?page_id=610"},"modified":"2025-09-16T16:52:22","modified_gmt":"2025-09-16T14:52:22","slug":"danse-jazz","status":"publish","type":"page","link":"https:\/\/acamusiquewb.be\/index.php\/danse-jazz\/","title":{"rendered":"Danse contemporaine"},"content":{"rendered":"\n<p class=\"has-medium-font-size\"><em><strong>COURS COLLECTIFS<\/strong><\/em><\/p>\n\n\n\n<p>Professeure :<\/p>\n\n\n\n<ul class=\"wp-block-list\">\n<li>Mme Pauline BOUQUIEAUX<\/li>\n<\/ul>\n\n\n\n<p><\/p>\n\n\n\n<p class=\"has-medium-font-size\"><strong><em>HORAIRES 2025-2026<\/em><\/strong><\/p>\n\n\n\n<ul class=\"wp-block-list\">\n<li><strong>1\u00e8re ann\u00e9e (Formation 1)<\/strong> <strong>et<\/strong> <strong>2\u00e8me ann\u00e9e (Formation 2)<\/strong><\/li>\n<\/ul>\n\n\n\n<p>Samedi de 9h \u00e0 9h50<\/p>\n\n\n\n<ul class=\"wp-block-list\">\n<li><strong>3\u00e8me\u00a0ann\u00e9e et 4\u00e8me\u00a0ann\u00e9e (Formation 3 et 4)<\/strong><\/li>\n<\/ul>\n\n\n\n<p>Samedi de 9h50 \u00e0 10h40<\/p>\n\n\n\n<ul class=\"wp-block-list\">\n<li><strong>5\u00e8me ann\u00e9e (Qualification 1)<\/strong><\/li>\n<\/ul>\n\n\n\n<p>Samedi de 10h40 \u00e0 12h20<\/p>\n\n\n\n<ul class=\"wp-block-list\">\n<li><strong>6\u00e8me ann\u00e9e \u00e0 10\u00e8me ann\u00e9e<\/strong> <strong>(<strong>Qualification 2<\/strong> \u00e0 Qualification 6)<\/strong><\/li>\n<\/ul>\n\n\n\n<p>Samedi de 12h20 \u00e0 14h00<\/p>\n\n\n\n<p><\/p>\n\n\n\n<p class=\"has-medium-font-size\"><em><strong>ORGANISATION<\/strong><\/em><\/p>\n\n\n\n<ul class=\"wp-block-list\">\n<li><span style=\"font-weight: 400;\">Uniquement pour les enfants et adolescents<\/span><\/li>\n\n\n\n<li><span style=\"font-weight: 400;\">Dur\u00e9e de la fili\u00e8re de formation\u00a0: 4 ans\u00a0\u00a0<\/span><\/li>\n\n\n\n<li><span style=\"font-weight: 400;\">Dur\u00e9e de la fili\u00e8re de qualification\u00a0: 6 ans <\/span><\/li>\n<\/ul>\n\n\n\n<p><\/p>\n\n\n\n<p class=\"has-medium-font-size\"><em><strong>CONDITIONS D&rsquo;ACC\u00c8S<\/strong><\/em><\/p>\n\n\n\n<ul class=\"wp-block-list\">\n<li>A partir de 7 ans<\/li>\n<\/ul>\n\n\n\n<p><\/p>\n","protected":false},"excerpt":{"rendered":"<p>COURS COLLECTIFS Professeure : HORAIRES 2025-2026 Samedi de 9h \u00e0 9h50 Samedi de 9h50 \u00e0 10h40 Samedi de 10h40 \u00e0 12h20 Samedi de 12h20 \u00e0 14h00 ORGANISATION CONDITIONS D&rsquo;ACC\u00c8S<\/p>\n","protected":false},"author":1,"featured_media":0,"parent":0,"menu_order":0,"comment_status":"closed","ping_status":"closed","template":"","meta":{"_acf_changed":false,"footnotes":""},"class_list":["post-610","page","type-page","status-publish","hentry"],"acf":[],"_links":{"self":[{"href":"https:\/\/acamusiquewb.be\/index.php\/wp-json\/wp\/v2\/pages\/610","targetHints":{"allow":["GET"]}}],"collection":[{"href":"https:\/\/acamusiquewb.be\/index.php\/wp-json\/wp\/v2\/pages"}],"about":[{"href":"https:\/\/acamusiquewb.be\/index.php\/wp-json\/wp\/v2\/types\/page"}],"author":[{"embeddable":true,"href":"https:\/\/acamusiquewb.be\/index.php\/wp-json\/wp\/v2\/users\/1"}],"replies":[{"embeddable":true,"href":"https:\/\/acamusiquewb.be\/index.php\/wp-json\/wp\/v2\/comments?post=610"}],"version-history":[{"count":33,"href":"https:\/\/acamusiquewb.be\/index.php\/wp-json\/wp\/v2\/pages\/610\/revisions"}],"predecessor-version":[{"id":3332,"href":"https:\/\/acamusiquewb.be\/index.php\/wp-json\/wp\/v2\/pages\/610\/revisions\/3332"}],"wp:attachment":[{"href":"https:\/\/acamusiquewb.be\/index.php\/wp-json\/wp\/v2\/media?parent=610"}],"curies":[{"name":"wp","href":"https:\/\/api.w.org\/{rel}","templated":true}]}}

<p class="has-medium-font-size"><em><strong>COURS COLLECTIFS</strong></em></p>



<p>Professeure :</p>



<ul class="wp-block-list">
<li>Mme Pauline BOUQUIEAUX</li>
</ul>



<p></p>



<p class="has-medium-font-size"><strong><em>HORAIRES 2025-2026</em></strong></p>



<ul class="wp-block-list">
<li><strong>1ère année (Formation 1)</strong> <strong>et</strong> <strong>2ème année (Formation 2)</strong></li>
</ul>



<p>Samedi de 9h à 9h50</p>



<ul class="wp-block-list">
<li><strong>3ème année et 4ème année (Formation 3 et 4)</strong></li>
</ul>



<p>Samedi de 9h50 à 10h40</p>



<ul class="wp-block-list">
<li><strong>5ème année (Qualification 1)</strong></li>
</ul>



<p>Samedi de 10h40 à 12h20</p>



<ul class="wp-block-list">
<li><strong>6ème année à 10ème année</strong> <strong>(<strong>Qualification 2</strong> à Qualification 6)</strong></li>
</ul>



<p>Samedi de 12h20 à 14h00</p>



<p></p>



<p class="has-medium-font-size"><em><strong>ORGANISATION</strong></em></p>



<ul class="wp-block-list">
<li><span style="font-weight: 400;">Uniquement pour les enfants et adolescents</span></li>



<li><span style="font-weight: 400;">Durée de la filière de formation : 4 ans  </span></li>



<li><span style="font-weight: 400;">Durée de la filière de qualification : 6 ans </span></li>
</ul>



<p></p>



<p class="has-medium-font-size"><em><strong>CONDITIONS D&rsquo;ACCÈS</strong></em></p>



<ul class="wp-block-list">
<li>A partir de 7 ans</li>
</ul>



<p></p>

<p>COURS COLLECTIFS Professeure : HORAIRES 2025-2026 Samedi de 9h à 9h50 Samedi de 9h50 à 10h40 Samedi de 10h40 à 12h20 Samedi de 12h20 à 14h00 ORGANISATION CONDITIONS D&rsquo;ACCÈS</p>
