{"id":718,"date":"2021-04-21T20:58:53","date_gmt":"2021-04-21T18:58:53","guid":{"rendered":"http:\/\/anwabox.cluster030.hosting.ovh.net\/?page_id=718"},"modified":"2026-03-20T15:06:13","modified_gmt":"2026-03-20T14:06:13","slug":"minerval-2020-2021","status":"publish","type":"page","link":"https:\/\/acamusiquewb.be\/index.php\/minerval-2020-2021\/","title":{"rendered":"MINERVAL 2026\/2027"},"content":{"rendered":"\n<p>Le paiement du minerval s\u2019effectue par&nbsp;<strong>bancontact uniquement<\/strong>, merci de vous munir de votre carte bancaire (pas de carte de cr\u00e9dit).<br><strong>Seul le paiement valide l\u2019inscription.<\/strong><\/p>\n\n\n\n\n\n<p>L\u2019acad\u00e9mie demande \u00e9galement une&nbsp;<strong>cotisation de 15\u20ac<\/strong>&nbsp;par famille pour l\u2019ann\u00e9e scolaire, \u00e0 payer aussi par bancontact.<\/p>\n\n\n\n<p><\/p>\n\n\n\n<p class=\"has-medium-font-size\"><strong>ATTENTION : LES DOCUMENTS D\u2019EXEMPTION DE PAIEMENT DU MINERVAL DOIVENT \u00caTRE IMP\u00c9RATIVEMENT DAT\u00c9S DU MOIS DE SEPTEMBRE 2026.<\/strong><\/p>\n\n\n\n<p>L\u2019attestation de ch\u00f4mage (annexe H4) \u00e0 faire compl\u00e9ter par votre organisme de paiement est t\u00e9l\u00e9chargeable au format pdf ci-dessous:<\/p>\n\n\n\n<p><a href=\"https:\/\/acamusiquewb.be\/wp-content\/uploads\/2025\/09\/Annexe-H4-2025-2026.pdf\" data-type=\"attachment\" data-id=\"3139\" target=\"_blank\" rel=\"noreferrer noopener\">Annexe H4 2025-2026<\/a><\/p>\n\n\n\n<p>&nbsp;<\/p>\n\n\n\n<figure class=\"wp-block-table\"><table class=\"has-fixed-layout\"><thead><tr><th>Cat\u00e9gorie<\/th><th class=\"has-text-align-center\" data-align=\"center\">Gratuit<\/th><th class=\"has-text-align-center\" data-align=\"center\">95\u20ac<\/th><th class=\"has-text-align-center\" data-align=\"center\">237\u20ac<\/th><\/tr><\/thead><tbody><tr><td>Plus de 18 ans (n\u00e9 avant le 31\/12\/08)<\/td><td class=\"has-text-align-center\" data-align=\"center\">&nbsp;<\/td><td class=\"has-text-align-center\" data-align=\"center\">&nbsp;<\/td><td class=\"has-text-align-center\" data-align=\"center\">X<\/td><\/tr><tr><td><\/td><td class=\"has-text-align-center\" data-align=\"center\"><\/td><td class=\"has-text-align-center\" data-align=\"center\">\u00a0<\/td><td class=\"has-text-align-center\" data-align=\"center\">&nbsp;<\/td><\/tr><tr><td>De 5 \u00e0 17 ans (n\u00e9 entre le 01\/01\/09 et le 31\/12\/21 inclus)<\/td><td class=\"has-text-align-center\" data-align=\"center\">&nbsp;<\/td><td class=\"has-text-align-center\" data-align=\"center\">X<\/td><td class=\"has-text-align-center\" data-align=\"center\">&nbsp;<\/td><\/tr><tr><td>\u00c9tudiants [1] (inscrit dans un \u00e9tablissement de la Communaut\u00e9 fran\u00e7aise)<\/td><td class=\"has-text-align-center\" data-align=\"center\">&nbsp;<\/td><td class=\"has-text-align-center\" data-align=\"center\">X<\/td><td class=\"has-text-align-center\" data-align=\"center\">&nbsp;<\/td><\/tr><tr><td>Ch\u00f4meur complet indemnis\u00e9 ou enfant \u00e0 charge d\u2019un ch\u00f4meur ayant le statut de chef de m\u00e9nage reconnu par l\u2019ONEM [3]<\/td><td class=\"has-text-align-center\" data-align=\"center\">X<\/td><td class=\"has-text-align-center\" data-align=\"center\">&nbsp;<\/td><td class=\"has-text-align-center\" data-align=\"center\">&nbsp;<\/td><\/tr><tr><td>Demandeur d\u2019emploi en p\u00e9riode de stage [4]<\/td><td class=\"has-text-align-center\" data-align=\"center\">X<\/td><td class=\"has-text-align-center\" data-align=\"center\">&nbsp;<\/td><td class=\"has-text-align-center\" data-align=\"center\">&nbsp;<\/td><\/tr><tr><td>Personne pensionn\u00e9e sous statut GRAPA [5]<\/td><td class=\"has-text-align-center\" data-align=\"center\">X<\/td><td class=\"has-text-align-center\" data-align=\"center\">&nbsp;<\/td><td class=\"has-text-align-center\" data-align=\"center\">&nbsp;<\/td><\/tr><tr><td>3\u00e8me \u00e9l\u00e8ve et les suivants faisant partie d&rsquo;un m\u00eame m\u00e9nage (paiement des droits d&rsquo;inscription des 2 \u00e9l\u00e8ves les plus \u00e2g\u00e9s [6]<\/td><td class=\"has-text-align-center\" data-align=\"center\">X<\/td><td class=\"has-text-align-center\" data-align=\"center\">&nbsp;<\/td><td class=\"has-text-align-center\" data-align=\"center\">&nbsp;<\/td><\/tr><tr><td><\/td><td class=\"has-text-align-center\" data-align=\"center\"><\/td><td class=\"has-text-align-center\" data-align=\"center\">&nbsp;<\/td><td class=\"has-text-align-center\" data-align=\"center\">&nbsp;<\/td><\/tr><tr><td>Handicap\u00e9 ou enfant d\u2019handicap\u00e9 [8]<\/td><td class=\"has-text-align-center\" data-align=\"center\">X<\/td><td class=\"has-text-align-center\" data-align=\"center\">&nbsp;<\/td><td class=\"has-text-align-center\" data-align=\"center\">&nbsp;<\/td><\/tr><tr><td>Si le minerval est pay\u00e9 dans une autre Acad\u00e9mie [9]<\/td><td class=\"has-text-align-center\" data-align=\"center\">X<\/td><td class=\"has-text-align-center\" data-align=\"center\">&nbsp;<\/td><td class=\"has-text-align-center\" data-align=\"center\">&nbsp;<\/td><\/tr><tr><td>\u00c9l\u00e8ve inscrit dans CERTAINS \u00e9tablissements de l\u2019enseignement secondaire technique de transition ou de qualification du secteur 10 : Beaux-Arts, groupe:Arts et sciences, Arts plastiques ou Danse [10]<\/td><td class=\"has-text-align-center\" data-align=\"center\">X<\/td><td class=\"has-text-align-center\" data-align=\"center\">&nbsp;<\/td><td class=\"has-text-align-center\" data-align=\"center\">&nbsp;<\/td><\/tr><tr><td>\u00c9l\u00e8ve inscrit dans CERTAINS \u00e9tablissements de l\u2019enseignement secondaire professionnel ou technique de transition ou de qualification du secteur 6:Arts appliqu\u00e9s, groupe:Arts d\u00e9coratifs, Arts graphiques, Audiovisel ou Orf\u00e8vrerie [10]<\/td><td class=\"has-text-align-center\" data-align=\"center\">X<\/td><td class=\"has-text-align-center\" data-align=\"center\">&nbsp;<\/td><td class=\"has-text-align-center\" data-align=\"center\">&nbsp;<\/td><\/tr><tr><td>B\u00e9n\u00e9ficiaire de l&rsquo;intervention major\u00e9e (BIM) [11]<\/td><td class=\"has-text-align-center\" data-align=\"center\">X<\/td><td class=\"has-text-align-center\" data-align=\"center\">&nbsp;<\/td><td class=\"has-text-align-center\" data-align=\"center\">&nbsp;<\/td><\/tr><tr><td>D\u00e9tenteur de la Carte Prof. [12]<\/td><td class=\"has-text-align-center\" data-align=\"center\">X<\/td><td class=\"has-text-align-center\" data-align=\"center\">&nbsp;<\/td><td class=\"has-text-align-center\" data-align=\"center\">&nbsp;<\/td><\/tr><tr><td>&nbsp;<\/td><td class=\"has-text-align-center\" data-align=\"center\">&nbsp;<\/td><td class=\"has-text-align-center\" data-align=\"center\">&nbsp;<\/td><td class=\"has-text-align-center\" data-align=\"center\">&nbsp;<\/td><\/tr><\/tbody><\/table><\/figure>\n\n\n\n<h3 class=\"wp-block-heading\">Notes<\/h3>\n\n\n\n<p>[1] attestation d\u2019inscription en qualit\u00e9 d\u2019\u00e9l\u00e8ve r\u00e9gulier dans l\u2019enseignement de plein exercice, secondaire ou sup\u00e9rieur, universitaire ou non, de promotion sociale, secondaire \u00e0 horaire r\u00e9duit (CEFA),&nbsp;<em>organis\u00e9 ou subventionn\u00e9 par la Communaut\u00e9 Fran\u00e7aise<\/em><\/p>\n\n\n\n<p>[2] attestation du CPAS, pour enfant \u00e0 charge, attestation+composition de m\u00e9nage<\/p>\n\n\n\n<p>[3] attestation de l\u2019ONEM, d\u2019un organisme de paiement (CAPAC, syndicats) ou annexe H4, pour enfant de ch\u00f4meur&nbsp;<strong>annexe H4 uniquement+<\/strong>composition de m\u00e9nage<\/p>\n\n\n\n<p>[4] attestation d\u2019ACTIRIS (formulaires A15 et A23), du FOREM ou du VDAB<\/p>\n\n\n\n<p>[5] attestation de Service F\u00e9d\u00e9ral des pensions<\/p>\n\n\n\n<p>[6] preuve des inscriptions pour les membres plus \u00e2g\u00e9s+composition de m\u00e9nage<\/p>\n\n\n\n<p>[7] attestation de l\u2019\u00e9cole primaire fr\u00e9quent\u00e9e<\/p>\n\n\n\n<p>[8] attestation du Service Public F\u00e9d\u00e9ral S\u00e9curit\u00e9 Sociale, de l\u2019AVIQ (Wallonie), du Service PHARE (Bruxelles) ou du VAPH (Flandre), pour enfant \u00e0 charge, attestation+composition de m\u00e9nage<\/p>\n\n\n\n<p>[9] attestation de l\u2019\u00e9tablissement de l\u2019ESAHR (<strong>annexe H5<\/strong>)<\/p>\n\n\n\n<p>[10] attestation de l\u2019\u00e9tablissement d\u2019enseignement secondaire (<strong>annexe H6 uniquement<\/strong>)<\/p>\n\n\n\n<p>[11] Document officiel de la mutuelle attestant le statut BIM<\/p>\n\n\n\n<p>[12] Attestation d&rsquo;\u00e9ligibilit\u00e9 \u00e0 la Carte Prof &#8211; document \u00e0 t\u00e9l\u00e9charger via Mon Espace&gt;Ma carri\u00e8re&gt;Profil<\/p>\n","protected":false},"excerpt":{"rendered":"<p>Le paiement du minerval s\u2019effectue par&nbsp;bancontact uniquement, merci de vous munir de votre carte bancaire (pas de carte de cr\u00e9dit).Seul le paiement valide l\u2019inscription. L\u2019acad\u00e9mie demande \u00e9galement une&nbsp;cotisation de 15\u20ac&nbsp;par famille pour l\u2019ann\u00e9e scolaire, \u00e0 payer aussi par bancontact. ATTENTION : LES DOCUMENTS D\u2019EXEMPTION DE PAIEMENT DU MINERVAL DOIVENT \u00caTRE IMP\u00c9RATIVEMENT DAT\u00c9S DU MOIS DE SEPTEMBRE 2026. L\u2019attestation de ch\u00f4mage&#8230;<\/p>\n","protected":false},"author":1,"featured_media":0,"parent":0,"menu_order":0,"comment_status":"closed","ping_status":"closed","template":"","meta":{"_acf_changed":false,"footnotes":""},"class_list":["post-718","page","type-page","status-publish","hentry"],"acf":[],"_links":{"self":[{"href":"https:\/\/acamusiquewb.be\/index.php\/wp-json\/wp\/v2\/pages\/718","targetHints":{"allow":["GET"]}}],"collection":[{"href":"https:\/\/acamusiquewb.be\/index.php\/wp-json\/wp\/v2\/pages"}],"about":[{"href":"https:\/\/acamusiquewb.be\/index.php\/wp-json\/wp\/v2\/types\/page"}],"author":[{"embeddable":true,"href":"https:\/\/acamusiquewb.be\/index.php\/wp-json\/wp\/v2\/users\/1"}],"replies":[{"embeddable":true,"href":"https:\/\/acamusiquewb.be\/index.php\/wp-json\/wp\/v2\/comments?post=718"}],"version-history":[{"count":48,"href":"https:\/\/acamusiquewb.be\/index.php\/wp-json\/wp\/v2\/pages\/718\/revisions"}],"predecessor-version":[{"id":3545,"href":"https:\/\/acamusiquewb.be\/index.php\/wp-json\/wp\/v2\/pages\/718\/revisions\/3545"}],"wp:attachment":[{"href":"https:\/\/acamusiquewb.be\/index.php\/wp-json\/wp\/v2\/media?parent=718"}],"curies":[{"name":"wp","href":"https:\/\/api.w.org\/{rel}","templated":true}]}}