{"id":784,"date":"2021-05-04T22:14:50","date_gmt":"2021-05-04T20:14:50","guid":{"rendered":"http:\/\/anwabox.cluster030.hosting.ovh.net\/?page_id=784"},"modified":"2025-06-19T23:14:18","modified_gmt":"2025-06-19T21:14:18","slug":"conges-scolaires","status":"publish","type":"page","link":"https:\/\/acamusiquewb.be\/index.php\/conges-scolaires\/","title":{"rendered":"Cong\u00e9s scolaires"},"content":{"rendered":"\t\t<div data-elementor-type=\"wp-page\" data-elementor-id=\"784\" class=\"elementor elementor-784\">\n\t\t\t\t\t\t<section class=\"elementor-section elementor-top-section elementor-element elementor-element-a45b294 elementor-section-boxed elementor-section-height-default elementor-section-height-default\" data-id=\"a45b294\" data-element_type=\"section\" data-e-type=\"section\">\n\t\t\t\t\t\t<div class=\"elementor-container elementor-column-gap-default\">\n\t\t\t\t\t<div class=\"elementor-column elementor-col-50 elementor-top-column elementor-element elementor-element-5b5f7cb\" data-id=\"5b5f7cb\" data-element_type=\"column\" data-e-type=\"column\">\n\t\t\t<div class=\"elementor-widget-wrap\">\n\t\t\t\t\t\t\t<\/div>\n\t\t<\/div>\n\t\t\t\t<div class=\"elementor-column elementor-col-50 elementor-top-column elementor-element elementor-element-5fe7f1b\" data-id=\"5fe7f1b\" data-element_type=\"column\" data-e-type=\"column\">\n\t\t\t<div class=\"elementor-widget-wrap\">\n\t\t\t\t\t\t\t<\/div>\n\t\t<\/div>\n\t\t\t\t\t<\/div>\n\t\t<\/section>\n\t\t\t\t<section class=\"elementor-section elementor-top-section elementor-element elementor-element-2a149551 elementor-section-boxed elementor-section-height-default elementor-section-height-default\" data-id=\"2a149551\" data-element_type=\"section\" data-e-type=\"section\">\n\t\t\t\t\t\t<div class=\"elementor-container elementor-column-gap-default\">\n\t\t\t\t\t<div class=\"elementor-column elementor-col-100 elementor-top-column elementor-element elementor-element-39d7e798\" data-id=\"39d7e798\" data-element_type=\"column\" data-e-type=\"column\">\n\t\t\t<div class=\"elementor-widget-wrap elementor-element-populated\">\n\t\t\t\t\t\t<div class=\"elementor-element elementor-element-688acedd elementor-widget elementor-widget-text-editor\" data-id=\"688acedd\" data-element_type=\"widget\" data-e-type=\"widget\" data-widget_type=\"text-editor.default\">\n\t\t\t\t<div class=\"elementor-widget-container\">\n\t\t\t\t\t\t\t\t\t<div class=\"wp-block-columns\">\n<p><\/p>\n<div class=\"wp-block-column is-layout-flow wp-block-column-is-layout-flow\" style=\"flex-basis: 100%;\">\n<p><\/p>\n<div class=\"wp-block-group\"><div class=\"wp-block-group__inner-container is-layout-flow wp-block-group-is-layout-flow\">\n<p><\/p>\n<figure class=\"wp-block-table is-style-stripes\">\n<table>\n<tbody>\n<tr>\n<td>Rentr\u00e9e<\/td>\n<td>lundi 25 ao\u00fbt 2025<\/td>\n<\/tr>\n<tr>\n<td>F\u00eate de la F\u00e9d\u00e9ration Wallonie-Bruxelles<\/td>\n<td>samedi 27 septembre 2025<br \/><br \/><\/td>\n<\/tr>\n<tr>\n<td>Vacances d&rsquo;automne<\/td>\n<td>du lundi 20 octobre au dimanche 2 novembre 2025<\/td>\n<\/tr>\n<tr>\n<td>Armistice 1918<\/td>\n<td>mardi 11 novembre 2025<\/td>\n<\/tr>\n<tr>\n<td>Vacances d&rsquo;hiver<\/td>\n<td>du lundi 22 d\u00e9cembre 2025 au dimanche 4 janvier 2026<\/td>\n<\/tr>\n<tr>\n<td>\u00a0<\/td>\n<td>\u00a0<\/td>\n<\/tr>\n<tr>\n<td>Vacances de d\u00e9tente<\/td>\n<td>du lundi 16 f\u00e9vrier au dimanche 1er mars 2026<\/td>\n<\/tr>\n<tr>\n<td>Lundi de P\u00e2ques<\/td>\n<td>lundi 6 avril 2026<\/td>\n<\/tr>\n<tr>\n<td>Vacances de printemps<\/td>\n<td>du lundi 27 avril au dimanche 10 mai 2026<\/td>\n<\/tr>\n<tr>\n<td>Jeudi de l&rsquo;Ascension<\/td>\n<td>jeudi 14 mai 2026<\/td>\n<\/tr>\n<tr>\n<td>Lundi de Pentec\u00f4te<\/td>\n<td>lundi 25 mai 2026<\/td>\n<\/tr>\n<tr>\n<td>Vacances d&rsquo;\u00e9t\u00e9<\/td>\n<td>d\u00e9butent le samedi 4 juillet 2026<\/td>\n<\/tr>\n<\/tbody>\n<\/table>\n<\/figure>\n<p><\/p>\n<\/div><\/div>\n<p><\/p>\n<\/div>\n<p><\/p>\n<\/div>\n<p><!-- \/wp:columns --><\/p>\t\t\t\t\t\t\t\t<\/div>\n\t\t\t\t<\/div>\n\t\t\t\t\t<\/div>\n\t\t<\/div>\n\t\t\t\t\t<\/div>\n\t\t<\/section>\n\t\t\t\t<\/div>\n\t\t","protected":false},"excerpt":{"rendered":"<p>Rentr\u00e9e lundi 25 ao\u00fbt 2025 F\u00eate de la F\u00e9d\u00e9ration Wallonie-Bruxelles samedi 27 septembre 2025 Vacances d&rsquo;automne du lundi 20 octobre au dimanche 2 novembre 2025 Armistice 1918 mardi 11 novembre 2025 Vacances d&rsquo;hiver du lundi 22 d\u00e9cembre 2025 au dimanche 4 janvier 2026 \u00a0 \u00a0 Vacances de d\u00e9tente du lundi 16 f\u00e9vrier au dimanche 1er mars 2026 Lundi de P\u00e2ques&#8230;<\/p>\n","protected":false},"author":1,"featured_media":0,"parent":0,"menu_order":0,"comment_status":"closed","ping_status":"closed","template":"","meta":{"_acf_changed":false,"footnotes":""},"class_list":["post-784","page","type-page","status-publish","hentry"],"acf":[],"_links":{"self":[{"href":"https:\/\/acamusiquewb.be\/index.php\/wp-json\/wp\/v2\/pages\/784","targetHints":{"allow":["GET"]}}],"collection":[{"href":"https:\/\/acamusiquewb.be\/index.php\/wp-json\/wp\/v2\/pages"}],"about":[{"href":"https:\/\/acamusiquewb.be\/index.php\/wp-json\/wp\/v2\/types\/page"}],"author":[{"embeddable":true,"href":"https:\/\/acamusiquewb.be\/index.php\/wp-json\/wp\/v2\/users\/1"}],"replies":[{"embeddable":true,"href":"https:\/\/acamusiquewb.be\/index.php\/wp-json\/wp\/v2\/comments?post=784"}],"version-history":[{"count":29,"href":"https:\/\/acamusiquewb.be\/index.php\/wp-json\/wp\/v2\/pages\/784\/revisions"}],"predecessor-version":[{"id":3002,"href":"https:\/\/acamusiquewb.be\/index.php\/wp-json\/wp\/v2\/pages\/784\/revisions\/3002"}],"wp:attachment":[{"href":"https:\/\/acamusiquewb.be\/index.php\/wp-json\/wp\/v2\/media?parent=784"}],"curies":[{"name":"wp","href":"https:\/\/api.w.org\/{rel}","templated":true}]}}

Congés scolaires

<div data-elementor-type="wp-page" data-elementor-id="784" class="elementor elementor-784">
						<section class="elementor-section elementor-top-section elementor-element elementor-element-a45b294 elementor-section-boxed elementor-section-height-default elementor-section-height-default" data-id="a45b294" data-element_type="section" data-e-type="section">
						<div class="elementor-container elementor-column-gap-default">
					<div class="elementor-column elementor-col-50 elementor-top-column elementor-element elementor-element-5b5f7cb" data-id="5b5f7cb" data-element_type="column" data-e-type="column">
			<div class="elementor-widget-wrap">
							</div>
		</div>
				<div class="elementor-column elementor-col-50 elementor-top-column elementor-element elementor-element-5fe7f1b" data-id="5fe7f1b" data-element_type="column" data-e-type="column">
			<div class="elementor-widget-wrap">
							</div>
		</div>
					</div>
		</section>
				<section class="elementor-section elementor-top-section elementor-element elementor-element-2a149551 elementor-section-boxed elementor-section-height-default elementor-section-height-default" data-id="2a149551" data-element_type="section" data-e-type="section">
						<div class="elementor-container elementor-column-gap-default">
					<div class="elementor-column elementor-col-100 elementor-top-column elementor-element elementor-element-39d7e798" data-id="39d7e798" data-element_type="column" data-e-type="column">
			<div class="elementor-widget-wrap elementor-element-populated">
						<div class="elementor-element elementor-element-688acedd elementor-widget elementor-widget-text-editor" data-id="688acedd" data-element_type="widget" data-e-type="widget" data-widget_type="text-editor.default">
				<div class="elementor-widget-container">
									<div class="wp-block-columns">
<p></p>
<div class="wp-block-column is-layout-flow wp-block-column-is-layout-flow" style="flex-basis: 100%;">
<p></p>
<div class="wp-block-group"><div class="wp-block-group__inner-container is-layout-flow wp-block-group-is-layout-flow">
<p></p>
<figure class="wp-block-table is-style-stripes">
<table>
<tbody>
<tr>
<td>Rentrée</td>
<td>lundi 25 août 2025</td>
</tr>
<tr>
<td>Fête de la Fédération Wallonie-Bruxelles</td>
<td>samedi 27 septembre 2025<br /><br /></td>
</tr>
<tr>
<td>Vacances d&rsquo;automne</td>
<td>du lundi 20 octobre au dimanche 2 novembre 2025</td>
</tr>
<tr>
<td>Armistice 1918</td>
<td>mardi 11 novembre 2025</td>
</tr>
<tr>
<td>Vacances d&rsquo;hiver</td>
<td>du lundi 22 décembre 2025 au dimanche 4 janvier 2026</td>
</tr>
<tr>
<td> </td>
<td> </td>
</tr>
<tr>
<td>Vacances de détente</td>
<td>du lundi 16 février au dimanche 1er mars 2026</td>
</tr>
<tr>
<td>Lundi de Pâques</td>
<td>lundi 6 avril 2026</td>
</tr>
<tr>
<td>Vacances de printemps</td>
<td>du lundi 27 avril au dimanche 10 mai 2026</td>
</tr>
<tr>
<td>Jeudi de l&rsquo;Ascension</td>
<td>jeudi 14 mai 2026</td>
</tr>
<tr>
<td>Lundi de Pentecôte</td>
<td>lundi 25 mai 2026</td>
</tr>
<tr>
<td>Vacances d&rsquo;été</td>
<td>débutent le samedi 4 juillet 2026</td>
</tr>
</tbody>
</table>
</figure>
<p></p>
</div></div>
<p></p>
</div>
<p></p>
</div>
<p><!-- /wp:columns --></p>								</div>
				</div>
					</div>
		</div>
					</div>
		</section>
				</div>

<p>Rentrée lundi 25 août 2025 Fête de la Fédération Wallonie-Bruxelles samedi 27 septembre 2025 Vacances d&rsquo;automne du lundi 20 octobre au dimanche 2 novembre 2025 Armistice 1918 mardi 11 novembre 2025 Vacances d&rsquo;hiver du lundi 22 décembre 2025 au dimanche 4 janvier 2026     Vacances de détente du lundi 16 février au dimanche 1er mars 2026 Lundi de Pâques&#8230;</p>
